z = u + -22. What is the tens digit of z?
1
Let l(t) = 5*t**2 - t - 20. What is the hundreds digit of l(6)?
1
Suppose 0 = -l + 6*l - 100. Suppose 0*o = 2*o - l. What is the units digit of o?
0
Let x = -5 - -3. What is the tens digit of (-25)/x - 9/(-18)?
1
Let o be (-2 - 22/(-4))*12. What is the units digit of 4/(-3*(-4)/o)?
4
Let k(b) = -4*b**3 + b**2 + b - 1. Let h(n) = -2*n**2 - 3*n. Let v be h(-2). What is the units digit of k(v)?
3
Let w = 53 - 37. Let f = 23 - w. What is the units digit of f?
7
Let g(y) = y**3 + y**2 - 2*y - 1. Let h be g(2). Suppose -3*u - 25 = -5*m, -h*m + 2*m + 15 = -u. What is the units digit of m?
2
Let d = 54 - 40. What is the tens digit of d?
1
Let d(i) = i + 1. Let o(m) = 4*m + 1. Let z(c) = -6*d(c) + o(c). What is the units digit of z(-6)?
7
Let m(y) = 4*y**2 + 7*y - 9. Let x(i) = 11*i + 14*i**2 - 26 - 3*i**2 + 9*i. Let d(s) = -8*m(s) + 3*x(s). What is the units digit of d(-6)?
6
Let l = 106 - 102. Let o = 0 + 2. Suppose l*q + o = 34. What is the units digit of q?
8
Let a(u) = u**3 + 5*u**2 - 10*u + 2. What is the tens digit of a(-6)?
2
Suppose -5*z - 270 = 5*s, z + 3*s + 50 = -0*z. What is the units digit of 2/(-10) + z/(-5)?
1
Let b(d) = -3*d. Let q be b(-1). Suppose -g - q*j + 9 = -4*j, g - 5 = -3*j. What is the units digit of g?
8
Suppose 2 = -5*t + 12. Let m = 7 + -4. Suppose 4*j - t = m*j. What is the units digit of j?
2
Let m be (-1*2)/((-5)/20). Suppose m*v = 3*v + 3*d + 134, -d + 58 = 2*v. What is the units digit of v?
8
Suppose 0 = -20*t + 12*t + 192. What is the units digit of t?
4
Let z = 0 + 3. Suppose 4*d - 7 = -a, 0*d - 5*d = -z*a - 13. Suppose -g = -5*c + 74, 2*g = -d*g + 4. What is the units digit of c?
5
Suppose x + 78 = 2*d + 27, 2*d = 2*x + 46. Let m = d - 13. What is the tens digit of m?
1
Let j = -108 + 407. What is the hundreds digit of j?
2
Let l = -6 + 8. What is the units digit of l?
2
Let k = 207 - -117. What is the hundreds digit of k?
3
Suppose -2*c + 60 = -2*s, 0*s - s - 129 = -4*c. What is the tens digit of c?
3
Let u(g) = -g**3 - 2*g**2 + 1. Let z be u(-1). Suppose o - 4*t + 3 = z, -3*o + 5*t + 18 = 2*t. What is the units digit of o?
9
Let s(m) = -m**3 + 5*m**2 - 2*m - 7. Let a be s(3). Suppose -4*w + 3*l + 23 = 0, a*w - l = l + 27. What is the units digit of w?
5
What is the units digit of 1/8 - 468/(-96)?
5
Let w = 19 + 21. Let s = w - 21. What is the units digit of s?
9
Let v = 4 + -7. What is the tens digit of (-2)/(-9)*v*-21?
1
Let w = 8 - -5. Let l(f) = -f**3 + 13*f**2 + f - 1. What is the tens digit of l(w)?
1
Let b(y) = -y**3 - 5*y**2 - 4*y + 4. Let x be b(-4). Suppose d + 5*m = -19, -2*d - x*m = -3*d + 26. What is the units digit of d?
6
Let m be ((-2)/(-2))/(3/39). Let c be 2*m - (-5 + 3). What is the units digit of c*(2 + 1)/6?
4
Suppose -5*j + 4*g - 228 = -651, g - 330 = -4*j. What is the units digit of j?
3
Suppose -10*z - 504 = -14*z. What is the units digit of z?
6
Suppose -31*k = -26*k - 780. What is the hundreds digit of k?
1
Suppose -3*p = 4*l - 46, 4*p + l - 52 = 5*l. What is the units digit of 228/14 - 4/p?
6
Let o(z) = 2*z**2 - 7*z + 2. What is the units digit of o(8)?
4
Let y be 28 + 0 - (0 - 0). Suppose 3*i - 4*w + 20 = 0, 7*w - 2*w = -4*i + 25. Suppose -4*u + 14 = 2*t, -4*t + 0*u - 3*u + y = i. What is the units digit of t?
7
Suppose -2*f - 3*f + 142 = -3*y, -3*y = 3*f - 66. Let a be ((-13)/2)/(2/(-4)). Let k = f - a. What is the tens digit of k?
1
Let j = 3 - -12. Suppose -4*m + j = m. Suppose 0 = -m*u + 8*u - 35. What is the units digit of u?
7
Suppose -66 = -2*h + 2*q + 88, -5*q = -15. Suppose -h = -4*n + 28. What is the tens digit of n?
2
Let v be (8/10)/(2/10). Suppose -v*a - a = -100. Suppose -4*b - g - g = -22, a = 2*b + 4*g. What is the units digit of b?
4
Let w(b) = 12*b**3 - 2*b**2 - 2*b + 2. What is the units digit of w(2)?
6
What is the tens digit of (-2)/(4*2/(-284))?
7
Let f be 164/(-14) + (-4)/14. Let b = 8 - f. Suppose -5*p + b = -y + 8, 3*y - 4*p + 3 = 0. What is the units digit of y?
3
Suppose 5*l - 8 = l. Suppose 0 = -3*y + l*y + 42. What is the tens digit of y?
4
Let c(n) = -12*n - 24. What is the units digit of c(-8)?
2
Let r = -65 + 175. Suppose 4*v = -v + r. What is the tens digit of v?
2
Suppose 3 + 1 = k. Let b = k - -2. Let c(a) = -a**3 + 5*a**2 + 7*a + 8. What is the tens digit of c(b)?
1
What is the units digit of (-1)/(0 - -1) - -7?
6
Suppose -36 = -5*u - 2*s, 5*s + 4 + 6 = 0. Suppose 4*n - 14 = -3*k, k - u = -2*k - n. Suppose -3*y = -j - 16, 3*y - k*j = -1 + 12. What is the units digit of y?
7
Suppose -56 = -3*i + 3*b + 160, 5*b + 92 = i. What is the tens digit of i?
6
What is the tens digit of (0 + -1)/(8/(-344))?
4
Let d(b) = 2*b - 2. Let m be d(2). Let n(t) = -5*t - 10*t + 6*t**2 - 7 + 5*t + 3*t**3 - m*t**3. What is the units digit of n(-7)?
4
Suppose -5*y - 4*h + 105 = 0, 4*h + 95 = -0*y + 3*y. What is the tens digit of y?
2
Suppose -3*v + 3 = -0, 5*v - 1 = z. Let y = 9 - z. What is the units digit of y?
5
Let p = -21 + 12. Let d = p + 18. Suppose -5*r + 3*k + 26 = -d, 0 = 3*k. What is the units digit of r?
7
Let b(d) = -d + 7. What is the units digit of b(5)?
2
Suppose -5*h + 35 = -10*h. Let m = h + 10. Suppose d = 3 + m. What is the units digit of d?
6
Let i be (-4)/(-10) - (-47)/(-5). Let b(j) = -j**3 + 6*j**2 + 5*j + 10. Let y be b(7). Let h = y - i. What is the units digit of h?
5
Suppose -7 = -3*c - z, 0 = -4*c - 7*z + 2*z + 13. Suppose 20 = c*w + 3*w, -h = w - 14. Let f = -3 + h. What is the units digit of f?
7
Let h = -13 - -22. Suppose 2*w = 5*a - 120, 2*a - a = 2*w + 24. Suppose 0 = 5*z + h - a. What is the units digit of z?
3
Suppose 3*n = 3*z - 12 + 3, 0 = -z + 3*n - 1. Suppose -z*r - 26 = -171. What is the units digit of r?
9
Suppose -26 - 63 = -3*z - f, 2*z = -2*f + 54. What is the units digit of z?
1
What is the tens digit of (-5247)/(-51) + 8/68?
0
Let f(x) = -x**3 - 7*x**2 + 4. What is the units digit of f(-8)?
8
Let p(l) = -l + 1. Let v be p(-5). Suppose -j + v*j = 0. Let c(u) = -u**3 - u**2 + u + 9. What is the units digit of c(j)?
9
Let y(b) = 3 - 1 - b**2 - b + 7*b. What is the units digit of y(6)?
2
Let k be 5/(5/(-3))*-1. Suppose k*a - 5 = 2*a + 5*i, 0 = 3*i. What is the units digit of a?
5
Suppose o - 2*o - 5 = 0, -o = 3*s - 13. What is the units digit of s?
6
Let w = -22 - -90. What is the units digit of w?
8
Let q(i) be the third derivative of -i**6/80 + i**5/120 + i**4/24 - 2*i**2. Let r(a) be the second derivative of q(a). What is the units digit of r(-1)?
0
Let k = 54 + -34. What is the units digit of k?
0
Let t be (-14 - 0)*24/(-7). Suppose 5*v = -k + 30, -3*k + v = -6*k + t. What is the units digit of k?
5
Let g(t) = t**3 + 5*t**2 + 5*t + 2. Let a be g(-3). Let u = a + -23. What is the units digit of (u/(-15))/((-1)/(-5))?
6
Let s = 89 - 9. What is the units digit of s?
0
Let s be (-2)/10 + (-266)/(-5). Let w = 78 - s. Suppose -w = -2*q + r, 2*r + 27 + 1 = 2*q. What is the tens digit of q?
1
Let h = 39 + -10. What is the units digit of h?
9
Let c = 21 + -16. What is the units digit of c?
5
Suppose 2*q - 68 = 4*f, -f - 65 = 2*q - 4*q. What is the tens digit of q?
3
Let n = -199 + 295. What is the units digit of n?
6
Let d be (2 + 1*-2)/(-2). Let w(r) = -r + d*r - 1 + 4*r - 2*r. What is the units digit of w(2)?
1
Let p(g) = -74*g - 14. What is the tens digit of p(-2)?
3
Suppose 5*m - 3 = k, 26 = 4*k - 4*m + 3*m. Suppose -2*j - k = -21. Let c = j - 4. What is the units digit of c?
3
What is the tens digit of 46*3/6 + -9 + 8?
2
Suppose -5*t = -146 + 56. What is the units digit of (4/(-6))/((-12)/t)?
1
Let n = -89 - -185. What is the units digit of n?
6
Let w(t) = -2*t**2 + 12*t - 7. Suppose 0 = 3*o, -3*o = s - 4 - 1. Let i(l) = 3*l**2 - 18*l + 11. Let b(m) = s*i(m) + 7*w(m). What is the units digit of b(6)?
6
Suppose 5*h - 162 - 58 = -5*o, 0 = -5*h. What is the tens digit of o?
4
Let i = 1 - -5. Let c = -4 + i. Suppose 0 = -c*s + r + 23, -3*s = 5*r + 5 - 59. What is the tens digit of s?
1
Suppose u = 3*u - 16. What is the units digit of u?
8
Let k = 11 - 3. Let q be 2/k - (-78)/8. What is the units digit of (2/(-3))/(q/(-105))?
7
Let a(i) = -i**2 + 4*i - 1. Let o be 1/(-2 - 14/(-6)). Let t be a(o). Suppose -2*f = -r + f + 2, t*f = -r + 12. What is the units digit of r?
8
Let q(m) = m**2 - 8*m